{"id":5203,"date":"2024-01-02T12:25:28","date_gmt":"2024-01-02T11:25:28","guid":{"rendered":"https:\/\/stxgroup.com\/strive\/?page_id=5203"},"modified":"2025-01-29T11:03:27","modified_gmt":"2025-01-29T10:03:27","slug":"caso-estudio-produccion-ecologica-amoniaco-con-skw-piesteritz","status":"publish","type":"page","link":"https:\/\/stxgroup.com\/strive\/es\/publicaciones\/caso-estudio-produccion-ecologica-amoniaco-con-skw-piesteritz\/","title":{"rendered":"Case study SKW Piesteritz &#8211; download page ES"},"content":{"rendered":"\r\n      <section class=\"c-hero c-hero--size_l c-hero--variation_center-left-2\"\r\n      style=\"\r\n      background-image: url(https:\/\/stxgroup.com\/app\/themes\/ChildTheme\/assets\/uploads\/site\/4\/2024\/02\/pierre-chatel-innocenti-LGblf4EH4yk-unsplash-scaled.jpg);\r\n      background-color: #141729;\r\n      \">\r\n      <div class=\"c-hero--inner\">\r\n          <a href=\"javascript:history.back()\" class=\"c-hero--back-action c-button--simple\">\r\n            <svg viewBox=\"0 0 700 700\" xmlns=\"http:\/\/www.w3.org\/2000\/svg\">\n  <path d=\"M 396.387 150.142 L 240.773 302.804 L 586.236 301.664 L 587.946 399.102 L 244.194 399.102 L 394.669 548.412 L 330.045 616.001 L 63.692 350.381 L 327.764 84 Z\"\/>\n<\/svg>\r\n            <span>BACK<\/span>\r\n          <\/a>\r\n          <h1 class=\"c-hero--title\"><strong>ESTUDIO DE CASO<\/strong>\r\nPioneros en amon\u00edaco ecol\u00f3gico con SKW Piesteritz\r\n\r\n&nbsp;\r\n\r\n&nbsp;<\/h1>\r\n      <\/div>\r\n      <\/section>\r\n      \n\n\n<div class=\"c-button-right-line c-row--expanded\"><div class=\"rhombus rhombus--color-mirage c-row--expanded-col-last c-row--expanded-col-3\"><div class=\"c-row--expanded--inner\"><a href=\"#descargar\" class=\"c-button\"><span>DESCARGAR AHORA<\/span><\/a><\/div><\/div><\/div>\n\n\n\n<div class=\"c-mb-150\"><\/div>\n\n\n\n<div class=\"c-row--expanded\"><div class=\"c-row--expanded-col-first c-row--expanded-col-11\"><div class=\"c-heading-line c-heading-line--left c-heading-line--color-zodiac c-row--expanded--inner\"><p class=\"c-heading-line--text\">Amon\u00edaco ecol\u00f3gico: un estudio de caso innovador<\/p><\/div><\/div><\/div>\n\n\n\n<div class=\"wp-block-create-block-gb-container-content-width row-wide\">\n<div class=\"wp-block-columns is-layout-flex wp-container-core-columns-is-layout-9d6595d7 wp-block-columns-is-layout-flex\">\n<div class=\"wp-block-column is-layout-flow wp-block-column-is-layout-flow\">\n<p><strong>La transici\u00f3n hacia la agricultura sostenible se est\u00e1 acelerando, y con ella viene una creciente demanda de fertilizantes ecol\u00f3gicos y amon\u00edaco<\/strong>. En este contexto, SKW Piesteritz, el mayor productor de amon\u00edaco y urea de Alemania, se encuentra en una encrucijada. Siendo uno de los principales consumidores de gas natural de Alemania, SKW Piesteritz afront\u00f3 un gran reto: c\u00f3mo descarbonizar su proceso de producci\u00f3n para satisfacer la creciente demanda de fertilizantes ecol\u00f3gicos.<\/p>\n\n\n\n<p>Descarga nuestro estudio de caso y descubre c\u00f3mo SKW Piesteritz, en colaboraci\u00f3n con STRIVE by STX, fue pionero en la producci\u00f3n de amon\u00edaco ecol\u00f3gico.<\/p>\n<\/div>\n\n\n\n<div class=\"wp-block-column is-layout-flow wp-block-column-is-layout-flow\">\n<figure class=\"wp-block-image alignright size-full is-resized\"><img loading=\"lazy\" decoding=\"async\" width=\"1545\" height=\"2000\" src=\"https:\/\/stxgroup.com\/app\/themes\/ChildTheme\/assets\/uploads\/site\/4\/2024\/04\/Cover-Page-Papers-Case-Study-SKW_ES.png\" alt=\"\" class=\"wp-image-6561\" style=\"object-fit:cover;width:390px;height:500px\" srcset=\"https:\/\/stxgroup.com\/app\/themes\/ChildTheme\/assets\/uploads\/site\/4\/2024\/04\/Cover-Page-Papers-Case-Study-SKW_ES.png 1545w, https:\/\/stxgroup.com\/app\/themes\/ChildTheme\/assets\/uploads\/site\/4\/2024\/04\/Cover-Page-Papers-Case-Study-SKW_ES-232x300.png 232w, https:\/\/stxgroup.com\/app\/themes\/ChildTheme\/assets\/uploads\/site\/4\/2024\/04\/Cover-Page-Papers-Case-Study-SKW_ES-791x1024.png 791w, https:\/\/stxgroup.com\/app\/themes\/ChildTheme\/assets\/uploads\/site\/4\/2024\/04\/Cover-Page-Papers-Case-Study-SKW_ES-768x994.png 768w, https:\/\/stxgroup.com\/app\/themes\/ChildTheme\/assets\/uploads\/site\/4\/2024\/04\/Cover-Page-Papers-Case-Study-SKW_ES-1187x1536.png 1187w\" sizes=\"auto, (max-width: 1545px) 100vw, 1545px\" \/><\/figure>\n<\/div>\n<\/div>\n<\/div>\n\n\n\n<div id=\"descargar\"><\/div>\n\n\n\n<section class=\"wp-block-create-block-gb-contact-form-minimal c-contact-form-minimal c-row--expanded\">\n<div class=\"wp-block-create-block-gb-container-block c-row--expanded-col-12\">\n<div class=\"wp-block-create-block-gb-container-block c-contact-form-minimal--content c-row--expanded--inner\">\n<h3 class=\"wp-block-create-block-gb-text  c-contact-form-minimalu002du002dtitle c-contact-form-minimal--title\">COMPLETA EL FORMULARIO PARA descargar el ESTUDIO DE CASO<\/h3>\n\n\n\n<div class=\"wp-block-leadin-hubspot-form-block\">\n\t\t\t\t\t\t<script>\n\t\t\t\t\t\t\twindow.hsFormsOnReady = window.hsFormsOnReady || [];\n\t\t\t\t\t\t\twindow.hsFormsOnReady.push(()=>{\n\t\t\t\t\t\t\t\thbspt.forms.create({\n\t\t\t\t\t\t\t\t\tportalId: 27215429,\n\t\t\t\t\t\t\t\t\tformId: \"0c98fd1d-c951-4c3f-aaca-2fc9890b751f\",\n\t\t\t\t\t\t\t\t\ttarget: \"#hbspt-form-1776860035000-9267790838\",\n\t\t\t\t\t\t\t\t\tregion: \"eu1\",\n\t\t\t\t\t\t\t\t\t\n\t\t\t\t\t\t\t})});\n\t\t\t\t\t\t<\/script>\n\t\t\t\t\t\t<div class=\"hbspt-form\" id=\"hbspt-form-1776860035000-9267790838\"><\/div><\/div>\n<\/div>\n<\/div>\n<\/section>\n","protected":false},"excerpt":{"rendered":"","protected":false},"author":3,"featured_media":5591,"parent":6574,"menu_order":0,"comment_status":"closed","ping_status":"closed","template":"","meta":{"content-type":"","footnotes":""},"class_list":["post-5203","page","type-page","status-publish","has-post-thumbnail","hentry"],"yoast_head":"<!-- This site is optimized with the Yoast SEO plugin v27.4 - https:\/\/yoast.com\/product\/yoast-seo-wordpress\/ -->\n<title>Producci\u00f3n de amon\u00edaco ecol\u00f3gico | STRIVE by STX<\/title>\n<meta name=\"description\" content=\"Acceda a un an\u00e1lisis de las conclusiones posteriores a la COP28 realizado por los representantes de STX que asistieron a la cumbre mundial.\" \/>\n<meta name=\"robots\" content=\"index, follow, max-snippet:-1, max-image-preview:large, max-video-preview:-1\" \/>\n<link rel=\"canonical\" href=\"https:\/\/stxgroup.com\/strive\/es\/publicaciones\/caso-estudio-produccion-ecologica-amoniaco-con-skw-piesteritz\/\" \/>\n<meta property=\"og:locale\" content=\"en_US\" \/>\n<meta property=\"og:type\" content=\"article\" \/>\n<meta property=\"og:title\" content=\"Producci\u00f3n de amon\u00edaco ecol\u00f3gico | STRIVE by STX\" \/>\n<meta property=\"og:description\" content=\"Acceda a un an\u00e1lisis de las conclusiones posteriores a la COP28 realizado por los representantes de STX que asistieron a la cumbre mundial.\" \/>\n<meta property=\"og:url\" content=\"https:\/\/stxgroup.com\/strive\/es\/publicaciones\/caso-estudio-produccion-ecologica-amoniaco-con-skw-piesteritz\/\" \/>\n<meta property=\"og:site_name\" content=\"STRIVE by STX\" \/>\n<meta property=\"article:modified_time\" content=\"2025-01-29T10:03:27+00:00\" \/>\n<meta property=\"og:image\" content=\"https:\/\/stxgroup.com\/app\/themes\/ChildTheme\/assets\/uploads\/site\/4\/2024\/02\/pierre-chatel-innocenti-LGblf4EH4yk-unsplash-scaled.jpg\" \/>\n\t<meta property=\"og:image:width\" content=\"2048\" \/>\n\t<meta property=\"og:image:height\" content=\"2560\" \/>\n\t<meta property=\"og:image:type\" content=\"image\/jpeg\" \/>\n<meta name=\"twitter:card\" content=\"summary_large_image\" \/>\n<meta name=\"twitter:label1\" content=\"Est. reading time\" \/>\n\t<meta name=\"twitter:data1\" content=\"1 minute\" \/>\n<script type=\"application\/ld+json\" class=\"yoast-schema-graph\">{\"@context\":\"https:\\\/\\\/schema.org\",\"@graph\":[{\"@type\":\"WebPage\",\"@id\":\"https:\\\/\\\/stxgroup.com\\\/strive\\\/es\\\/publicaciones\\\/caso-estudio-produccion-ecologica-amoniaco-con-skw-piesteritz\\\/\",\"url\":\"https:\\\/\\\/stxgroup.com\\\/strive\\\/es\\\/publicaciones\\\/caso-estudio-produccion-ecologica-amoniaco-con-skw-piesteritz\\\/\",\"name\":\"Producci\u00f3n de amon\u00edaco ecol\u00f3gico | STRIVE by STX\",\"isPartOf\":{\"@id\":\"https:\\\/\\\/stxgroup.com\\\/strive\\\/#website\"},\"primaryImageOfPage\":{\"@id\":\"https:\\\/\\\/stxgroup.com\\\/strive\\\/es\\\/publicaciones\\\/caso-estudio-produccion-ecologica-amoniaco-con-skw-piesteritz\\\/#primaryimage\"},\"image\":{\"@id\":\"https:\\\/\\\/stxgroup.com\\\/strive\\\/es\\\/publicaciones\\\/caso-estudio-produccion-ecologica-amoniaco-con-skw-piesteritz\\\/#primaryimage\"},\"thumbnailUrl\":\"https:\\\/\\\/stxgroup.com\\\/app\\\/themes\\\/ChildTheme\\\/assets\\\/uploads\\\/site\\\/4\\\/2024\\\/02\\\/pierre-chatel-innocenti-LGblf4EH4yk-unsplash-scaled.jpg\",\"datePublished\":\"2024-01-02T11:25:28+00:00\",\"dateModified\":\"2025-01-29T10:03:27+00:00\",\"description\":\"Acceda a un an\u00e1lisis de las conclusiones posteriores a la COP28 realizado por los representantes de STX que asistieron a la cumbre mundial.\",\"breadcrumb\":{\"@id\":\"https:\\\/\\\/stxgroup.com\\\/strive\\\/es\\\/publicaciones\\\/caso-estudio-produccion-ecologica-amoniaco-con-skw-piesteritz\\\/#breadcrumb\"},\"inLanguage\":\"en-US\",\"potentialAction\":[{\"@type\":\"ReadAction\",\"target\":[\"https:\\\/\\\/stxgroup.com\\\/strive\\\/es\\\/publicaciones\\\/caso-estudio-produccion-ecologica-amoniaco-con-skw-piesteritz\\\/\"]}]},{\"@type\":\"ImageObject\",\"inLanguage\":\"en-US\",\"@id\":\"https:\\\/\\\/stxgroup.com\\\/strive\\\/es\\\/publicaciones\\\/caso-estudio-produccion-ecologica-amoniaco-con-skw-piesteritz\\\/#primaryimage\",\"url\":\"https:\\\/\\\/stxgroup.com\\\/app\\\/themes\\\/ChildTheme\\\/assets\\\/uploads\\\/site\\\/4\\\/2024\\\/02\\\/pierre-chatel-innocenti-LGblf4EH4yk-unsplash-scaled.jpg\",\"contentUrl\":\"https:\\\/\\\/stxgroup.com\\\/app\\\/themes\\\/ChildTheme\\\/assets\\\/uploads\\\/site\\\/4\\\/2024\\\/02\\\/pierre-chatel-innocenti-LGblf4EH4yk-unsplash-scaled.jpg\",\"width\":2048,\"height\":2560,\"caption\":\"ammonia production\"},{\"@type\":\"BreadcrumbList\",\"@id\":\"https:\\\/\\\/stxgroup.com\\\/strive\\\/es\\\/publicaciones\\\/caso-estudio-produccion-ecologica-amoniaco-con-skw-piesteritz\\\/#breadcrumb\",\"itemListElement\":[{\"@type\":\"ListItem\",\"position\":1,\"name\":\"Home\",\"item\":\"https:\\\/\\\/stxgroup.com\\\/strive\\\/\"},{\"@type\":\"ListItem\",\"position\":2,\"name\":\"Publications ES\",\"item\":\"https:\\\/\\\/stxgroup.com\\\/strive\\\/es\\\/publicaciones\\\/\"},{\"@type\":\"ListItem\",\"position\":3,\"name\":\"Case study SKW Piesteritz &#8211; download page ES\"}]},{\"@type\":\"WebSite\",\"@id\":\"https:\\\/\\\/stxgroup.com\\\/strive\\\/#website\",\"url\":\"https:\\\/\\\/stxgroup.com\\\/strive\\\/\",\"name\":\"STRIVE by STX\",\"description\":\"We transform climate liabilities into business progress\",\"publisher\":{\"@id\":\"https:\\\/\\\/stxgroup.com\\\/strive\\\/#organization\"},\"potentialAction\":[{\"@type\":\"SearchAction\",\"target\":{\"@type\":\"EntryPoint\",\"urlTemplate\":\"https:\\\/\\\/stxgroup.com\\\/strive\\\/?s={search_term_string}\"},\"query-input\":{\"@type\":\"PropertyValueSpecification\",\"valueRequired\":true,\"valueName\":\"search_term_string\"}}],\"inLanguage\":\"en-US\"},{\"@type\":\"Organization\",\"@id\":\"https:\\\/\\\/stxgroup.com\\\/strive\\\/#organization\",\"name\":\"STRIVE by STX\",\"url\":\"https:\\\/\\\/stxgroup.com\\\/strive\\\/\",\"logo\":{\"@type\":\"ImageObject\",\"inLanguage\":\"en-US\",\"@id\":\"https:\\\/\\\/stxgroup.com\\\/strive\\\/#\\\/schema\\\/logo\\\/image\\\/\",\"url\":\"https:\\\/\\\/stxgroup.com\\\/app\\\/themes\\\/ChildTheme\\\/assets\\\/uploads\\\/site\\\/4\\\/2023\\\/02\\\/strive-logo-header-cutout-2.svg\",\"contentUrl\":\"https:\\\/\\\/stxgroup.com\\\/app\\\/themes\\\/ChildTheme\\\/assets\\\/uploads\\\/site\\\/4\\\/2023\\\/02\\\/strive-logo-header-cutout-2.svg\",\"width\":279,\"height\":130,\"caption\":\"STRIVE by STX\"},\"image\":{\"@id\":\"https:\\\/\\\/stxgroup.com\\\/strive\\\/#\\\/schema\\\/logo\\\/image\\\/\"}}]}<\/script>\n<!-- \/ Yoast SEO plugin. -->","yoast_head_json":{"title":"Producci\u00f3n de amon\u00edaco ecol\u00f3gico | STRIVE by STX","description":"Acceda a un an\u00e1lisis de las conclusiones posteriores a la COP28 realizado por los representantes de STX que asistieron a la cumbre mundial.","robots":{"index":"index","follow":"follow","max-snippet":"max-snippet:-1","max-image-preview":"max-image-preview:large","max-video-preview":"max-video-preview:-1"},"canonical":"https:\/\/stxgroup.com\/strive\/es\/publicaciones\/caso-estudio-produccion-ecologica-amoniaco-con-skw-piesteritz\/","og_locale":"en_US","og_type":"article","og_title":"Producci\u00f3n de amon\u00edaco ecol\u00f3gico | STRIVE by STX","og_description":"Acceda a un an\u00e1lisis de las conclusiones posteriores a la COP28 realizado por los representantes de STX que asistieron a la cumbre mundial.","og_url":"https:\/\/stxgroup.com\/strive\/es\/publicaciones\/caso-estudio-produccion-ecologica-amoniaco-con-skw-piesteritz\/","og_site_name":"STRIVE by STX","article_modified_time":"2025-01-29T10:03:27+00:00","og_image":[{"width":2048,"height":2560,"url":"https:\/\/stxgroup.com\/app\/themes\/ChildTheme\/assets\/uploads\/site\/4\/2024\/02\/pierre-chatel-innocenti-LGblf4EH4yk-unsplash-scaled.jpg","type":"image\/jpeg"}],"twitter_card":"summary_large_image","twitter_misc":{"Est. reading time":"1 minute"},"schema":{"@context":"https:\/\/schema.org","@graph":[{"@type":"WebPage","@id":"https:\/\/stxgroup.com\/strive\/es\/publicaciones\/caso-estudio-produccion-ecologica-amoniaco-con-skw-piesteritz\/","url":"https:\/\/stxgroup.com\/strive\/es\/publicaciones\/caso-estudio-produccion-ecologica-amoniaco-con-skw-piesteritz\/","name":"Producci\u00f3n de amon\u00edaco ecol\u00f3gico | STRIVE by STX","isPartOf":{"@id":"https:\/\/stxgroup.com\/strive\/#website"},"primaryImageOfPage":{"@id":"https:\/\/stxgroup.com\/strive\/es\/publicaciones\/caso-estudio-produccion-ecologica-amoniaco-con-skw-piesteritz\/#primaryimage"},"image":{"@id":"https:\/\/stxgroup.com\/strive\/es\/publicaciones\/caso-estudio-produccion-ecologica-amoniaco-con-skw-piesteritz\/#primaryimage"},"thumbnailUrl":"https:\/\/stxgroup.com\/app\/themes\/ChildTheme\/assets\/uploads\/site\/4\/2024\/02\/pierre-chatel-innocenti-LGblf4EH4yk-unsplash-scaled.jpg","datePublished":"2024-01-02T11:25:28+00:00","dateModified":"2025-01-29T10:03:27+00:00","description":"Acceda a un an\u00e1lisis de las conclusiones posteriores a la COP28 realizado por los representantes de STX que asistieron a la cumbre mundial.","breadcrumb":{"@id":"https:\/\/stxgroup.com\/strive\/es\/publicaciones\/caso-estudio-produccion-ecologica-amoniaco-con-skw-piesteritz\/#breadcrumb"},"inLanguage":"en-US","potentialAction":[{"@type":"ReadAction","target":["https:\/\/stxgroup.com\/strive\/es\/publicaciones\/caso-estudio-produccion-ecologica-amoniaco-con-skw-piesteritz\/"]}]},{"@type":"ImageObject","inLanguage":"en-US","@id":"https:\/\/stxgroup.com\/strive\/es\/publicaciones\/caso-estudio-produccion-ecologica-amoniaco-con-skw-piesteritz\/#primaryimage","url":"https:\/\/stxgroup.com\/app\/themes\/ChildTheme\/assets\/uploads\/site\/4\/2024\/02\/pierre-chatel-innocenti-LGblf4EH4yk-unsplash-scaled.jpg","contentUrl":"https:\/\/stxgroup.com\/app\/themes\/ChildTheme\/assets\/uploads\/site\/4\/2024\/02\/pierre-chatel-innocenti-LGblf4EH4yk-unsplash-scaled.jpg","width":2048,"height":2560,"caption":"ammonia production"},{"@type":"BreadcrumbList","@id":"https:\/\/stxgroup.com\/strive\/es\/publicaciones\/caso-estudio-produccion-ecologica-amoniaco-con-skw-piesteritz\/#breadcrumb","itemListElement":[{"@type":"ListItem","position":1,"name":"Home","item":"https:\/\/stxgroup.com\/strive\/"},{"@type":"ListItem","position":2,"name":"Publications ES","item":"https:\/\/stxgroup.com\/strive\/es\/publicaciones\/"},{"@type":"ListItem","position":3,"name":"Case study SKW Piesteritz &#8211; download page ES"}]},{"@type":"WebSite","@id":"https:\/\/stxgroup.com\/strive\/#website","url":"https:\/\/stxgroup.com\/strive\/","name":"STRIVE by STX","description":"We transform climate liabilities into business progress","publisher":{"@id":"https:\/\/stxgroup.com\/strive\/#organization"},"potentialAction":[{"@type":"SearchAction","target":{"@type":"EntryPoint","urlTemplate":"https:\/\/stxgroup.com\/strive\/?s={search_term_string}"},"query-input":{"@type":"PropertyValueSpecification","valueRequired":true,"valueName":"search_term_string"}}],"inLanguage":"en-US"},{"@type":"Organization","@id":"https:\/\/stxgroup.com\/strive\/#organization","name":"STRIVE by STX","url":"https:\/\/stxgroup.com\/strive\/","logo":{"@type":"ImageObject","inLanguage":"en-US","@id":"https:\/\/stxgroup.com\/strive\/#\/schema\/logo\/image\/","url":"https:\/\/stxgroup.com\/app\/themes\/ChildTheme\/assets\/uploads\/site\/4\/2023\/02\/strive-logo-header-cutout-2.svg","contentUrl":"https:\/\/stxgroup.com\/app\/themes\/ChildTheme\/assets\/uploads\/site\/4\/2023\/02\/strive-logo-header-cutout-2.svg","width":279,"height":130,"caption":"STRIVE by STX"},"image":{"@id":"https:\/\/stxgroup.com\/strive\/#\/schema\/logo\/image\/"}}]}},"lang":"es","translations":{"es":5203,"en":7699,"fr":7701},"pll_sync_post":[],"_links":{"self":[{"href":"https:\/\/stxgroup.com\/strive\/wp-json\/wp\/v2\/pages\/5203","targetHints":{"allow":["GET"]}}],"collection":[{"href":"https:\/\/stxgroup.com\/strive\/wp-json\/wp\/v2\/pages"}],"about":[{"href":"https:\/\/stxgroup.com\/strive\/wp-json\/wp\/v2\/types\/page"}],"author":[{"embeddable":true,"href":"https:\/\/stxgroup.com\/strive\/wp-json\/wp\/v2\/users\/3"}],"replies":[{"embeddable":true,"href":"https:\/\/stxgroup.com\/strive\/wp-json\/wp\/v2\/comments?post=5203"}],"version-history":[{"count":14,"href":"https:\/\/stxgroup.com\/strive\/wp-json\/wp\/v2\/pages\/5203\/revisions"}],"predecessor-version":[{"id":7160,"href":"https:\/\/stxgroup.com\/strive\/wp-json\/wp\/v2\/pages\/5203\/revisions\/7160"}],"up":[{"embeddable":true,"href":"https:\/\/stxgroup.com\/strive\/wp-json\/wp\/v2\/pages\/6574"}],"wp:featuredmedia":[{"embeddable":true,"href":"https:\/\/stxgroup.com\/strive\/wp-json\/wp\/v2\/media\/5591"}],"wp:attachment":[{"href":"https:\/\/stxgroup.com\/strive\/wp-json\/wp\/v2\/media?parent=5203"}],"curies":[{"name":"wp","href":"https:\/\/api.w.org\/{rel}","templated":true}]}}