{"id":4874,"date":"2023-12-12T12:46:46","date_gmt":"2023-12-12T11:46:46","guid":{"rendered":"https:\/\/stxgroup.com\/strive\/?page_id=4874"},"modified":"2023-12-19T17:09:21","modified_gmt":"2023-12-19T16:09:21","slug":"boletin-sostenibilidad-corporativa","status":"publish","type":"page","link":"https:\/\/stxgroup.com\/strive\/es\/boletin-sostenibilidad-corporativa\/","title":{"rendered":"Newsletter ES"},"content":{"rendered":"\n<section class=\"wp-block-create-block-gb-hero c-hero c-hero--size_xs c-hero--variation_center-left c-hero--bg_position_cc\" style=\"background-image:url(https:\/\/stxgroup.com\/app\/themes\/ChildTheme\/assets\/uploads\/site\/4\/2023\/03\/bobby-stevenson-MSfGHnPtidE-unsplash.jpg);background-color:#141729\">\n<div class=\"wp-block-create-block-gb-container-block c-hero--inner\"><\/div>\n<\/section>\n\n\n\n<div class=\"c-mb-100\"><\/div>\n\n\n\n<div class=\"row-wide\"><div class=\"c-heading-simple\"><h1 class=\"c-heading-simple--title\" placeholder=\"Write your text...\">Suscr\u00edbete a nuestro bolet\u00edn de<br><strong>SOSTENIBILIDAD CORPORATIVA<\/strong><\/h1><\/div><\/div>\n\n\n\n<div class=\"wp-block-create-block-gb-container-content-width row-wide\">\n<p>Mantente informado de las \u00faltimas noticias, tendencias del sector y eventos de sostenibilidad. Recibe actualizaciones sobre nuestras gu\u00edas y publicaciones.<\/p>\n\n\n\n<div class=\"wp-block-leadin-hubspot-form-block\">\n\t\t\t\t\t\t<script>\n\t\t\t\t\t\t\twindow.hsFormsOnReady = window.hsFormsOnReady || [];\n\t\t\t\t\t\t\twindow.hsFormsOnReady.push(()=>{\n\t\t\t\t\t\t\t\thbspt.forms.create({\n\t\t\t\t\t\t\t\t\tportalId: 27215429,\n\t\t\t\t\t\t\t\t\tformId: \"035f6352-8c26-4192-9fe4-2dc531dddddc\",\n\t\t\t\t\t\t\t\t\ttarget: \"#hbspt-form-1775825151000-1022735411\",\n\t\t\t\t\t\t\t\t\tregion: \"eu1\",\n\t\t\t\t\t\t\t\t\t\n\t\t\t\t\t\t\t})});\n\t\t\t\t\t\t<\/script>\n\t\t\t\t\t\t<div class=\"hbspt-form\" id=\"hbspt-form-1775825151000-1022735411\"><\/div><\/div>\n\n\n\n<div class=\"c-mb-50\"><\/div>\n<\/div>\n\n\n\n<div class=\"wp-block-create-block-gb-send-us-email-cta c-ballon\">\n<div class=\"wp-block-create-block-gb-container-block c-row--expanded c-row--vcentered\">\n<div class=\"wp-block-create-block-gb-container-block c-row--expanded-col-6\">\n<h2 class=\"wp-block-create-block-gb-text  c-h1 c-row--expanded--inner\"><strong class=\"upper\">\u00bfPREFIERES CONTACTARNOS<\/strong><br>de otra forma?<\/h2>\n<\/div>\n\n\n\n<div class=\"wp-block-create-block-gb-container-block c-row--expanded-col-5 c-col-gap-left-1\">\n<h2 class=\"wp-block-create-block-gb-text  c-row--expanded--inner c-h3 c-mb-small strong\">Escr\u00edbenos a <a href=\"mailto:strive.hello@stxgroup.com\">strive.hello@stxgroup.com<\/a><\/h2>\n<\/div>\n<\/div>\n<\/div>\n","protected":false},"excerpt":{"rendered":"","protected":false},"author":3,"featured_media":955,"parent":0,"menu_order":0,"comment_status":"closed","ping_status":"closed","template":"","meta":{"content-type":"","footnotes":""},"class_list":["post-4874","page","type-page","status-publish","has-post-thumbnail","hentry"],"yoast_head":"<!-- This site is optimized with the Yoast SEO plugin v27.3 - https:\/\/yoast.com\/product\/yoast-seo-wordpress\/ -->\n<title>Bolet\u00edn de sostenibilidad corporativa | STRIVE by STX<\/title>\n<meta name=\"description\" content=\"Suscr\u00edbete a nuestro bolet\u00edn de sostenibilidad y mantente informado sobre las \u00faltimas noticias en energ\u00eda y soluciones empresariales.\" \/>\n<meta name=\"robots\" content=\"index, follow, max-snippet:-1, max-image-preview:large, max-video-preview:-1\" \/>\n<link rel=\"canonical\" href=\"https:\/\/stxgroup.com\/strive\/es\/boletin-sostenibilidad-corporativa\/\" \/>\n<meta property=\"og:locale\" content=\"en_US\" \/>\n<meta property=\"og:type\" content=\"article\" \/>\n<meta property=\"og:title\" content=\"Bolet\u00edn de sostenibilidad corporativa | STRIVE by STX\" \/>\n<meta property=\"og:description\" content=\"Suscr\u00edbete a nuestro bolet\u00edn de sostenibilidad y mantente informado sobre las \u00faltimas noticias en energ\u00eda y soluciones empresariales.\" \/>\n<meta property=\"og:url\" content=\"https:\/\/stxgroup.com\/strive\/es\/boletin-sostenibilidad-corporativa\/\" \/>\n<meta property=\"og:site_name\" content=\"STRIVE by STX\" \/>\n<meta property=\"article:modified_time\" content=\"2023-12-19T16:09:21+00:00\" \/>\n<meta property=\"og:image\" content=\"https:\/\/stxgroup.com\/app\/themes\/ChildTheme\/assets\/uploads\/site\/4\/2023\/03\/bobby-stevenson-MSfGHnPtidE-unsplash.jpg\" \/>\n\t<meta property=\"og:image:width\" content=\"1920\" \/>\n\t<meta property=\"og:image:height\" content=\"1080\" \/>\n\t<meta property=\"og:image:type\" content=\"image\/jpeg\" \/>\n<meta name=\"twitter:card\" content=\"summary_large_image\" \/>\n<meta name=\"twitter:label1\" content=\"Est. reading time\" \/>\n\t<meta name=\"twitter:data1\" content=\"1 minute\" \/>\n<script type=\"application\/ld+json\" class=\"yoast-schema-graph\">{\"@context\":\"https:\\\/\\\/schema.org\",\"@graph\":[{\"@type\":\"WebPage\",\"@id\":\"https:\\\/\\\/stxgroup.com\\\/strive\\\/es\\\/boletin-sostenibilidad-corporativa\\\/\",\"url\":\"https:\\\/\\\/stxgroup.com\\\/strive\\\/es\\\/boletin-sostenibilidad-corporativa\\\/\",\"name\":\"Bolet\u00edn de sostenibilidad corporativa | STRIVE by STX\",\"isPartOf\":{\"@id\":\"https:\\\/\\\/stxgroup.com\\\/strive\\\/#website\"},\"primaryImageOfPage\":{\"@id\":\"https:\\\/\\\/stxgroup.com\\\/strive\\\/es\\\/boletin-sostenibilidad-corporativa\\\/#primaryimage\"},\"image\":{\"@id\":\"https:\\\/\\\/stxgroup.com\\\/strive\\\/es\\\/boletin-sostenibilidad-corporativa\\\/#primaryimage\"},\"thumbnailUrl\":\"https:\\\/\\\/stxgroup.com\\\/app\\\/themes\\\/ChildTheme\\\/assets\\\/uploads\\\/site\\\/4\\\/2023\\\/03\\\/bobby-stevenson-MSfGHnPtidE-unsplash.jpg\",\"datePublished\":\"2023-12-12T11:46:46+00:00\",\"dateModified\":\"2023-12-19T16:09:21+00:00\",\"description\":\"Suscr\u00edbete a nuestro bolet\u00edn de sostenibilidad y mantente informado sobre las \u00faltimas noticias en energ\u00eda y soluciones empresariales.\",\"breadcrumb\":{\"@id\":\"https:\\\/\\\/stxgroup.com\\\/strive\\\/es\\\/boletin-sostenibilidad-corporativa\\\/#breadcrumb\"},\"inLanguage\":\"en-US\",\"potentialAction\":[{\"@type\":\"ReadAction\",\"target\":[\"https:\\\/\\\/stxgroup.com\\\/strive\\\/es\\\/boletin-sostenibilidad-corporativa\\\/\"]}]},{\"@type\":\"ImageObject\",\"inLanguage\":\"en-US\",\"@id\":\"https:\\\/\\\/stxgroup.com\\\/strive\\\/es\\\/boletin-sostenibilidad-corporativa\\\/#primaryimage\",\"url\":\"https:\\\/\\\/stxgroup.com\\\/app\\\/themes\\\/ChildTheme\\\/assets\\\/uploads\\\/site\\\/4\\\/2023\\\/03\\\/bobby-stevenson-MSfGHnPtidE-unsplash.jpg\",\"contentUrl\":\"https:\\\/\\\/stxgroup.com\\\/app\\\/themes\\\/ChildTheme\\\/assets\\\/uploads\\\/site\\\/4\\\/2023\\\/03\\\/bobby-stevenson-MSfGHnPtidE-unsplash.jpg\",\"width\":1920,\"height\":1080},{\"@type\":\"BreadcrumbList\",\"@id\":\"https:\\\/\\\/stxgroup.com\\\/strive\\\/es\\\/boletin-sostenibilidad-corporativa\\\/#breadcrumb\",\"itemListElement\":[{\"@type\":\"ListItem\",\"position\":1,\"name\":\"Home\",\"item\":\"https:\\\/\\\/stxgroup.com\\\/strive\\\/\"},{\"@type\":\"ListItem\",\"position\":2,\"name\":\"Newsletter ES\"}]},{\"@type\":\"WebSite\",\"@id\":\"https:\\\/\\\/stxgroup.com\\\/strive\\\/#website\",\"url\":\"https:\\\/\\\/stxgroup.com\\\/strive\\\/\",\"name\":\"STRIVE by STX\",\"description\":\"We transform climate liabilities into business progress\",\"publisher\":{\"@id\":\"https:\\\/\\\/stxgroup.com\\\/strive\\\/#organization\"},\"potentialAction\":[{\"@type\":\"SearchAction\",\"target\":{\"@type\":\"EntryPoint\",\"urlTemplate\":\"https:\\\/\\\/stxgroup.com\\\/strive\\\/?s={search_term_string}\"},\"query-input\":{\"@type\":\"PropertyValueSpecification\",\"valueRequired\":true,\"valueName\":\"search_term_string\"}}],\"inLanguage\":\"en-US\"},{\"@type\":\"Organization\",\"@id\":\"https:\\\/\\\/stxgroup.com\\\/strive\\\/#organization\",\"name\":\"STRIVE by STX\",\"url\":\"https:\\\/\\\/stxgroup.com\\\/strive\\\/\",\"logo\":{\"@type\":\"ImageObject\",\"inLanguage\":\"en-US\",\"@id\":\"https:\\\/\\\/stxgroup.com\\\/strive\\\/#\\\/schema\\\/logo\\\/image\\\/\",\"url\":\"https:\\\/\\\/stxgroup.com\\\/app\\\/themes\\\/ChildTheme\\\/assets\\\/uploads\\\/site\\\/4\\\/2023\\\/02\\\/strive-logo-header-cutout-2.svg\",\"contentUrl\":\"https:\\\/\\\/stxgroup.com\\\/app\\\/themes\\\/ChildTheme\\\/assets\\\/uploads\\\/site\\\/4\\\/2023\\\/02\\\/strive-logo-header-cutout-2.svg\",\"width\":279,\"height\":130,\"caption\":\"STRIVE by STX\"},\"image\":{\"@id\":\"https:\\\/\\\/stxgroup.com\\\/strive\\\/#\\\/schema\\\/logo\\\/image\\\/\"}}]}<\/script>\n<!-- \/ Yoast SEO plugin. -->","yoast_head_json":{"title":"Bolet\u00edn de sostenibilidad corporativa | STRIVE by STX","description":"Suscr\u00edbete a nuestro bolet\u00edn de sostenibilidad y mantente informado sobre las \u00faltimas noticias en energ\u00eda y soluciones empresariales.","robots":{"index":"index","follow":"follow","max-snippet":"max-snippet:-1","max-image-preview":"max-image-preview:large","max-video-preview":"max-video-preview:-1"},"canonical":"https:\/\/stxgroup.com\/strive\/es\/boletin-sostenibilidad-corporativa\/","og_locale":"en_US","og_type":"article","og_title":"Bolet\u00edn de sostenibilidad corporativa | STRIVE by STX","og_description":"Suscr\u00edbete a nuestro bolet\u00edn de sostenibilidad y mantente informado sobre las \u00faltimas noticias en energ\u00eda y soluciones empresariales.","og_url":"https:\/\/stxgroup.com\/strive\/es\/boletin-sostenibilidad-corporativa\/","og_site_name":"STRIVE by STX","article_modified_time":"2023-12-19T16:09:21+00:00","og_image":[{"width":1920,"height":1080,"url":"https:\/\/stxgroup.com\/app\/themes\/ChildTheme\/assets\/uploads\/site\/4\/2023\/03\/bobby-stevenson-MSfGHnPtidE-unsplash.jpg","type":"image\/jpeg"}],"twitter_card":"summary_large_image","twitter_misc":{"Est. reading time":"1 minute"},"schema":{"@context":"https:\/\/schema.org","@graph":[{"@type":"WebPage","@id":"https:\/\/stxgroup.com\/strive\/es\/boletin-sostenibilidad-corporativa\/","url":"https:\/\/stxgroup.com\/strive\/es\/boletin-sostenibilidad-corporativa\/","name":"Bolet\u00edn de sostenibilidad corporativa | STRIVE by STX","isPartOf":{"@id":"https:\/\/stxgroup.com\/strive\/#website"},"primaryImageOfPage":{"@id":"https:\/\/stxgroup.com\/strive\/es\/boletin-sostenibilidad-corporativa\/#primaryimage"},"image":{"@id":"https:\/\/stxgroup.com\/strive\/es\/boletin-sostenibilidad-corporativa\/#primaryimage"},"thumbnailUrl":"https:\/\/stxgroup.com\/app\/themes\/ChildTheme\/assets\/uploads\/site\/4\/2023\/03\/bobby-stevenson-MSfGHnPtidE-unsplash.jpg","datePublished":"2023-12-12T11:46:46+00:00","dateModified":"2023-12-19T16:09:21+00:00","description":"Suscr\u00edbete a nuestro bolet\u00edn de sostenibilidad y mantente informado sobre las \u00faltimas noticias en energ\u00eda y soluciones empresariales.","breadcrumb":{"@id":"https:\/\/stxgroup.com\/strive\/es\/boletin-sostenibilidad-corporativa\/#breadcrumb"},"inLanguage":"en-US","potentialAction":[{"@type":"ReadAction","target":["https:\/\/stxgroup.com\/strive\/es\/boletin-sostenibilidad-corporativa\/"]}]},{"@type":"ImageObject","inLanguage":"en-US","@id":"https:\/\/stxgroup.com\/strive\/es\/boletin-sostenibilidad-corporativa\/#primaryimage","url":"https:\/\/stxgroup.com\/app\/themes\/ChildTheme\/assets\/uploads\/site\/4\/2023\/03\/bobby-stevenson-MSfGHnPtidE-unsplash.jpg","contentUrl":"https:\/\/stxgroup.com\/app\/themes\/ChildTheme\/assets\/uploads\/site\/4\/2023\/03\/bobby-stevenson-MSfGHnPtidE-unsplash.jpg","width":1920,"height":1080},{"@type":"BreadcrumbList","@id":"https:\/\/stxgroup.com\/strive\/es\/boletin-sostenibilidad-corporativa\/#breadcrumb","itemListElement":[{"@type":"ListItem","position":1,"name":"Home","item":"https:\/\/stxgroup.com\/strive\/"},{"@type":"ListItem","position":2,"name":"Newsletter ES"}]},{"@type":"WebSite","@id":"https:\/\/stxgroup.com\/strive\/#website","url":"https:\/\/stxgroup.com\/strive\/","name":"STRIVE by STX","description":"We transform climate liabilities into business progress","publisher":{"@id":"https:\/\/stxgroup.com\/strive\/#organization"},"potentialAction":[{"@type":"SearchAction","target":{"@type":"EntryPoint","urlTemplate":"https:\/\/stxgroup.com\/strive\/?s={search_term_string}"},"query-input":{"@type":"PropertyValueSpecification","valueRequired":true,"valueName":"search_term_string"}}],"inLanguage":"en-US"},{"@type":"Organization","@id":"https:\/\/stxgroup.com\/strive\/#organization","name":"STRIVE by STX","url":"https:\/\/stxgroup.com\/strive\/","logo":{"@type":"ImageObject","inLanguage":"en-US","@id":"https:\/\/stxgroup.com\/strive\/#\/schema\/logo\/image\/","url":"https:\/\/stxgroup.com\/app\/themes\/ChildTheme\/assets\/uploads\/site\/4\/2023\/02\/strive-logo-header-cutout-2.svg","contentUrl":"https:\/\/stxgroup.com\/app\/themes\/ChildTheme\/assets\/uploads\/site\/4\/2023\/02\/strive-logo-header-cutout-2.svg","width":279,"height":130,"caption":"STRIVE by STX"},"image":{"@id":"https:\/\/stxgroup.com\/strive\/#\/schema\/logo\/image\/"}}]}},"lang":"es","translations":{"es":4874,"en":2686},"pll_sync_post":[],"_links":{"self":[{"href":"https:\/\/stxgroup.com\/strive\/wp-json\/wp\/v2\/pages\/4874","targetHints":{"allow":["GET"]}}],"collection":[{"href":"https:\/\/stxgroup.com\/strive\/wp-json\/wp\/v2\/pages"}],"about":[{"href":"https:\/\/stxgroup.com\/strive\/wp-json\/wp\/v2\/types\/page"}],"author":[{"embeddable":true,"href":"https:\/\/stxgroup.com\/strive\/wp-json\/wp\/v2\/users\/3"}],"replies":[{"embeddable":true,"href":"https:\/\/stxgroup.com\/strive\/wp-json\/wp\/v2\/comments?post=4874"}],"version-history":[{"count":0,"href":"https:\/\/stxgroup.com\/strive\/wp-json\/wp\/v2\/pages\/4874\/revisions"}],"wp:featuredmedia":[{"embeddable":true,"href":"https:\/\/stxgroup.com\/strive\/wp-json\/wp\/v2\/media\/955"}],"wp:attachment":[{"href":"https:\/\/stxgroup.com\/strive\/wp-json\/wp\/v2\/media?parent=4874"}],"curies":[{"name":"wp","href":"https:\/\/api.w.org\/{rel}","templated":true}]}}